 prime?
True
Is 4709 prime?
False
Is 5051 composite?
False
Is 660973 composite?
False
Is 4783 composite?
False
Is 1949 a composite number?
False
Is 67007 prime?
False
Is 105457 prime?
False
Is 13273 prime?
False
Is 38039 prime?
True
Is 822479 a prime number?
False
Is 41443 composite?
False
Is 116953 a prime number?
True
Is 117323 composite?
True
Is 1301219 a composite number?
False
Is 75059 composite?
True
Is 13443 composite?
True
Is 590489 prime?
True
Is 2939 a composite number?
False
Is 1575599 composite?
True
Is 82457 a composite number?
False
Is 254959 a prime number?
True
Is 11143 a composite number?
True
Is 271223 a composite number?
True
Is 48665 prime?
False
Is 1437493 composite?
False
Is 14479 composite?
False
Is 8797 prime?
False
Is 174223 prime?
False
Is 214023 composite?
True
Is 2237 a prime number?
True
Is 5923 a composite number?
False
Is 88093 a prime number?
True
Is 61483 composite?
False
Is 20981 a composite number?
False
Is 72685 prime?
False
Is 21919 prime?
False
Is 92621 a composite number?
True
Is 2053 prime?
True
Is 740659 a composite number?
False
Is 635 a prime number?
False
Is 12763 prime?
True
Is 506257 a composite number?
True
Is 2533 composite?
True
Is 1037783 prime?
False
Is 127963 prime?
False
Is 274909 a composite number?
False
Is 3309485 composite?
True
Is 24733 prime?
True
Is 22955 a composite number?
True
Is 378929 a prime number?
True
Is 2521 a composite number?
False
Is 95889 a composite number?
True
Is 11579 a composite number?
False
Is 99961 a composite number?
False
Is 19077 composite?
True
Is 449791 prime?
False
Is 4507 composite?
False
Is 295 prime?
False
Is 10537 composite?
True
Is 410231 prime?
True
Is 2361323 prime?
True
Is 295265 composite?
True
Is 16741 a prime number?
True
Is 2731 a composite number?
False
Is 30761 a composite number?
True
Is 1513 prime?
False
Is 31873 prime?
True
Is 28559 prime?
True
Is 1399 prime?
True
Is 1644517 composite?
True
Is 17707 prime?
True
Is 1171921 a prime number?
True
Is 41461 prime?
False
Is 22233 a prime number?
False
Is 500777 a prime number?
True
Is 7411 a prime number?
True
Is 743579 a composite number?
False
Is 11171 a composite number?
False
Is 20021 a composite number?
False
Is 3709 composite?
False
Is 35135 prime?
False
Is 29699 a prime number?
False
Is 8857 a composite number?
True
Is 28757 a prime number?
False
Is 13389 a prime number?
False
Is 203687 a prime number?
False
Is 34897 a prime number?
True
Is 8727 a composite number?
True
Is 924121 a composite number?
True
Is 136385 a composite number?
True
Is 2777 prime?
True
Is 27201 prime?
False
Is 877 a prime number?
True
Is 2039 prime?
True
Is 23159 prime?
True
Is 180749 a composite number?
False
Is 2305 prime?
False
Is 39499 a prime number?
True
Is 3415 a prime number?
False
Is 14207 a composite number?
False
Is 42853 a composite number?
False
Is 39323 prime?
True
Is 3847 a composite number?
False
Is 189077 a prime number?
False
Is 29983 prime?
True
Is 31307 prime?
True
Is 109807 prime?
True
Is 39873 prime?
False
Is 44627 composite?
True
Is 9461 composite?
False
Is 78347 a prime number?
True
Is 121031 composite?
True
Is 9103 composite?
False
Is 184783 a composite number?
True
Is 19487 prime?
False
Is 16753 a prime number?
False
Is 80423 a prime number?
False
Is 2453 prime?
False
Is 35591 a composite number?
False
Is 772301 composite?
True
Is 119429 a prime number?
True
Is 7141 a prime number?
False
Is 7981 a prime number?
False
Is 611791 composite?
False
Is 2809 a prime number?
False
Is 15487 a prime number?
False
Is 38543 a prime number?
True
Is 2107795 a prime number?
False
Is 124385 prime?
False
Is 1459 a prime number?
True
Is 31677 composite?
True
Is 410383 a composite number?
False
Is 171793 composite?
False
Is 3017 composite?
True
Is 2923 prime?
False
Is 104245 prime?
False
Is 7901 a composite number?
False
Is 17707 composite?
False
Is 398399 a composite number?
True
Is 1366349 prime?
True
Is 4547 a prime number?
True
Is 802643 prime?
True
Is 7663 a composite number?
True
Is 2579 a composite number?
False
Is 2088941 a prime number?
False
Is 29035 a prime number?
False
Is 12979 a composite number?
False
Is 1384189 a prime number?
True
Is 70709 composite?
False
Is 43661 prime?
True
Is 211369 a composite number?
False
Is 18923 composite?
True
Is 104281 a composite number?
False
Is 213713 composite?
False
Is 561635 composite?
True
Is 125915 prime?
False
Is 13261 composite?
True
Is 4969 a composite number?
False
Is 57637 composite?
False
Is 121169 a composite number?
False
Is 308347 a prime number?
False
Is 10247 composite?
False
Is 402559 composite?
False
Is 343283 a prime number?
False
Is 11819 a prime number?
False
Is 13165 composite?
True
Is 10055 prime?
False
Is 39821 composite?
False
Is 12197 composite?
False
Is 9619 prime?
True
Is 35569 prime?
True
Is 14197 composite?
False
Is 65483 a composite number?
True
Is 749711 a prime number?
True
Is 179711 composite?
True
Is 783131 a prime number?
True
Is 48157 a prime number?
True
Is 119723 a prime number?
True
Is 3607 a composite number?
False
Is 1093033 composite?
False
Is 14483 a prime number?
False
Is 31279 a composite number?
True
Is 2161 prime?
True
Is 966043 a prime number?
False
Is 33391 a prime number?
True
Is 179969 prime?
True
Is 318377 a prime number?
True
Is 1485367 a prime number?
False
Is 7817 composite?
False
Is 180769 a prime number?
False
Is 33791 a prime number?
True
Is 91 a prime number?
False
Is 138911 prime?
False
Is 17783 a prime number?
True
Is 72829 a composite number?
True
Is 142853 prime?
False
Is 81919 a prime number?
True
Is 78619 composite?
True
Is 15727 prime?
True
Is 2986 composite?
True
Is 1051639 prime?
True
Is 3707 prime?
False
Is 436733 a prime number?
False
Is 21551 composite?
True
Is 432227 a prime number?
True
Is 2005319 prime?
True
Is 822571 a composite number?
False
Is 1425427 a composite number?
False
Is 6131 a composite number?
False
Is 325187 a composite number?
False
Is 157889 prime?
True
Is 173695 composite?
True
Is 2095 a composite number?
True
Is 974 a composite number?
True
Is 1343 prime?
False
Is 14107 prime?
True
Is 305953 a prime number?
False
Is 37951 a prime number?
True
Is 96803 prime?
False
Is 16297 a composite number?
True
Is 691991 a composite number?
False
Is 857533 a composite number?
True
Is 20017 a prime number?
False
Is 45283 a prime number?
False
Is 26891 prime?
True
Is 312757 a composite number?
False
Is 70049 a composite number?
True
Is 4757 prime?
False
Is 3604211 a composite number?
True
Is 41333 prime?
True
Is 2183 a prime number?
False
Is 237137 a composite number?
False
Is 347359 composite?
False
Is 4341 prime?
False
Is 884947 prime?
False
Is 196073 prime?
True
Is 488249 a prime number?
True
Is 312527 a composite number?
False
Is 1282 a composite number?
True
Is 2735 prime?
False
Is 21849 a composite number?
True
Is 75287 a prime number?
False
Is 9953 a prime number?
False
Is 2383 a composite number?
False
Is 315047 composite?
False
Is 30017 prime?
False
Is 1924699 a prime number?
False
Is 57613 composite?
True
Is 844345 prime?
False
Is 7895 prime?
False
Is 10843 prime?
False
Is 1548983 a prime number?
True
Is 47561 prime?
False
Is 22793 prime?
False
Is 9491 composite?
False
Is 16773 composite?
True
Is 14123 a prime number?
False
Is 569567 prime?
False
Is 3223 prime?
False
Is 65867 prime?
True
Is 18741 a composite number?
True
Is 1619 a composite number?
False
Is 139067 a prime number?
True
Is 20861 composite?
True
Is 200093 prime?
False
Is 524497 a composite number?
False
Is 323017 composite?
True
Is 18797 a composite number?
False
Is 149 composite?
False
Is 447023 composite?
True
Is 739489 composite?
True
Is 993571 a prime number?
False
Is 200103 composite?
True
Is 515621 a composite number?
False
Is 407567 a composite number?
False
Is 886253 composite?
True
Is 67717 composite?
True
Is 816811 composite?
False
Is 7151 prime?
True
Is 3947 prime?
True
Is 7543 prime?
False
Is 7321 a prime number?
True
Is 57417 prime?
False
Is 26399 composite?
False
Is 937991 prime?
True
Is 94241 a prime number?
False
Is 167 a composite number?
False
Is 15227 composite?
False
Is 4381 composite?
True
Is 6997 prime?
True
Is 27941 a composite number?
False
Is 178683 a composite number?
True
Is 76697 a